 Let m be 65/3 + k/(-9). Let v = -17 + m. What are the prime factors of v?
5
Let t be (-1)/(-3)*-1*-3. Suppose -i + t - 220 = -4*y, -3*i = 4*y - 207. List the prime factors of y.
2, 3
Suppose -h - 2 = -8. Let q be 155/(-3) - h/18. Let p = -29 - q. List the prime factors of p.
23
What are the prime factors of 2/(-4) + 1 + (-6230)/(-20)?
2, 3, 13
Let d(n) = -2*n - 10. Let u be d(-8). Suppose 0 = 3*h - u. What are the prime factors of 25 - 1*h/2?
2, 3
What are the prime factors of (-3)/7 + (-4658)/(-7)?
5, 7, 19
Let d = 74 + -72. Let v = 136 - d. What are the prime factors of v?
2, 67
Let l(d) = 6*d**3 + 7*d**2 + 9*d + 1. Let j(r) = -7*r**3 - 7*r**2 - 10*r. Let n(u) = -5*j(u) - 6*l(u). List the prime factors of n(-7).
2, 11
Let k(j) = 6*j - 38. Let v be k(5). Let f = v - -114. What are the prime factors of f?
2, 53
Let o(m) = m**3 - m - 2. Let a be o(2). Suppose -4*q + 4*c = -q - 84, c - 112 = -a*q. Suppose -4*b + q = u, b - u + 2 = u. What are the prime factors of b?
2, 3
Suppose -11*x + 32*x - 8190 = 0. List the prime factors of x.
2, 3, 5, 13
Suppose -14 - 11 = -5*y. Suppose 0*c - 280 = y*c. Let v = c - -94. What are the prime factors of v?
2, 19
Let x(i) = -61*i + 5. Let m be x(4). Let j = m - -391. What are the prime factors of j?
2, 19
Let i = 29 + -29. Suppose i = n + 7 - 8. Let r(f) = 48*f**2 - 2*f + 1. List the prime factors of r(n).
47
Let x = 1419 - 508. What are the prime factors of x?
911
Let j = 1190 + -1067. What are the prime factors of j?
3, 41
Let n = -203 - -197. Let d be (-142)/(-5) - (-6)/(-15). Let b = d - n. List the prime factors of b.
2, 17
Suppose 5*h = -4*q - 340, 4*h + 71 + 105 = -2*q. Let g be (12/(-10))/(3/q). Let s = g + 4. List the prime factors of s.
2, 3
Suppose 12*p - 17*p + 225 = 0. What are the prime factors of (-2)/32*4 - p/(-4)?
11
Let k(i) = 1896*i**2 + 21*i + 21. What are the prime factors of k(-1)?
2, 3, 79
Let w(u) = -u**3 + 10*u**2 + 12*u + 12. Let o be w(11). Let l(y) = 13*y + 13*y - o*y. List the prime factors of l(4).
2, 3
Suppose 3*n + 18 = 6*n - 3*p, -2*p = -4*n + 24. Suppose n*u - u - 345 = 0. What are the prime factors of u?
3, 23
Suppose 3*s + 12 = 0, 3*p - s = -6*s - 5. Suppose 0 = -u + 6*u + 10, u = -p*o + 838. List the prime factors of o.
2, 3, 7
Suppose -7*i + 1932 = -0*i. Suppose -2*n - 78 + i = 0. What are the prime factors of n?
3, 11
Let l(r) be the first derivative of -5 - 1/3*r**3 - 7/2*r**2 + 6*r. What are the prime factors of l(-5)?
2
Suppose 4*k - 13 + 5 = 0. Suppose 24 = -2*c - k*c. Let n(j) = -3*j - 4. What are the prime factors of n(c)?
2, 7
Suppose 51*q = 57*q - 4212. List the prime factors of q.
2, 3, 13
Let y(p) = -p - 8. Let q be y(-8). Suppose 5*k - 430 = 5*a, 2*k - 187 = -q*k + 5*a. Let b = -54 + k. What are the prime factors of b?
3
Suppose 4*c = 3*c + 50. Let h(w) = 70*w. Let j be h(1). Suppose -c - j = -5*t. What are the prime factors of t?
2, 3
Let f be (-1)/2*-2*0. Suppose -2*w = w + 3*o - 3, 0 = 5*o - 25. What are the prime factors of (-60)/(w/2) - f?
2, 3, 5
Let h = -259 + 357. What are the prime factors of h?
2, 7
Let j(z) = -z**3 - 12*z**2 - 7*z + 1. Let i(u) = -u**3 + 10*u**2 + 9*u + 10. Let t be i(11). What are the prime factors of j(t)?
5, 17
Let v(q) = 22*q**2 + q + 4. Let m be v(-4). Suppose -m + 80 = -4*t. List the prime factors of t.
2, 17
Let v be (0 + 19)/(2/16). Suppose -5*f + 112 + v = -4*d, 5*f + 4*d = 256. What are the prime factors of f?
2, 13
Suppose -4*r + 473 = i, 5*r = 2*r + 2*i + 341. Suppose -3*f = 14*f - 85. Suppose 5*l - 5*k = l + r, 95 = f*l + 4*k. List the prime factors of l.
23
Let w(b) = 4*b**2 + 3*b + 4. Let a be w(7). Let o = a + -113. What are the prime factors of o?
2, 3
Suppose -11*k = -3205 - 1019. What are the prime factors of k?
2, 3
Let u = 3456 - 2130. What are the prime factors of u?
2, 3, 13, 17
Suppose -5*n = 2*z - 24 - 1, 2*n - 11 = -z. Suppose 13 = 4*t + z. Suppose -t = -2*i + 16. What are the prime factors of i?
3
Let w(m) = 63*m**2 - m. Let u be w(-1). Let g be 2/5 + u/40. Suppose -5*h + g = -18. List the prime factors of h.
2
Suppose -29*d - 1188 = -33*d. What are the prime factors of d?
3, 11
Let p(h) be the second derivative of h**3/6 + 7*h**2/2 + 4*h. Let s be p(-10). Let y = 28 + s. List the prime factors of y.
5
Suppose g - 3*a - 98 = 879, 5*g - 3*a = 4837. What are the prime factors of g?
5, 193
Let i(n) = -n**3 + 5*n**2 + 6*n. Let v be i(8). Let l be (-320)/v + (-4)/18. Suppose y - 5*k - 85 = 0, 2*y + 0*y = -l*k + 146. What are the prime factors of y?
3, 5
Let m = 620 + 1035. List the prime factors of m.
5, 331
Let k(p) = -21*p**2 + 58*p**3 + 23*p**2 + 0 - 8*p**3 - 2. List the prime factors of k(1).
2, 5
Let z = 9 + -7. Suppose -5*h = 3*m - 244, -2*m = -5*m - z*h + 247. List the prime factors of m.
83
Let y(z) be the second derivative of z**4/4 + z**3/2 - z**2 + 3*z. Let h(g) = g. Let o be h(-4). What are the prime factors of y(o)?
2, 17
Let q = 26 - 24. Suppose 4*b - 68 = -4*h, -3*h = -q*h - b - 23. List the prime factors of h.
2, 5
Let t = -60 - -94. Let x(a) = 3*a**3 + 22*a**2 - 2*a + 19. Let p be x(-7). Let o = p - t. List the prime factors of o.
2, 3
Suppose 19 + 56 = 15*u. What are the prime factors of u?
5
Suppose 4*w + 882 = -2*w. List the prime factors of 4*w/12*-1.
7
Let w(p) = -2*p**3 - 5*p**2 + p + 20. Let a be w(-6). Let c = 51 + a. What are the prime factors of c?
317
Suppose 8*o - 2*o = 11*o. Suppose 0 = -3*r - h + 467, 0 = -o*r + 3*r - 4*h - 442. List the prime factors of r.
2, 7, 11
Suppose 11*o + 238 = 12*o. Let m be (-2)/(-9) - o/(-63). Suppose 2*p - 4*v = -2*p + 48, -m*p + 42 = -2*v. List the prime factors of p.
3
Let p(f) = -33*f - 83. List the prime factors of p(-18).
7, 73
Let u be (0 - 2)*(-14 - -12). Suppose -5*f + 143 = -x, u*f + 22 - 149 = 5*x. What are the prime factors of f?
2, 7
Suppose -120 = 3*j + 5*r - 4684, -3*r - 6095 = -4*j. List the prime factors of j.
1523
Suppose 343 = -2*u + 9*u. Suppose -48*b + u*b = 4. List the prime factors of b.
2
Suppose -20 = 17*s - 15*s. Let m(o) = 2*o**2 - o + 20. List the prime factors of m(s).
2, 5, 23
Let z(v) = 7*v**2 + 17*v + 4. Let b be z(-7). Suppose 319 = 4*j + 3*q, 3*j - 8 = q + b. What are the prime factors of j?
79
Let k(u) be the third derivative of -u**6/120 + u**5/15 + u**4/6 + 2*u**3 + 20*u**2 - 2. Suppose -2*l + 3 = -7. What are the prime factors of k(l)?
7
Let u = -676 - -1806. List the prime factors of u.
2, 5, 113
Let b(f) = 3*f**3 + 9*f**2 + 3*f + 33. List the prime factors of b(10).
3, 1321
Let t(l) = -l**3 - 20*l**2 + 19*l - 57. List the prime factors of t(-22).
17, 29
Let p(o) = -o**3 - 2*o**2 + 4. Let g be p(-3). Suppose g*c - 11*c - 120 = 0. Suppose 0 = -4*x + 8 + c. List the prime factors of x.
17
Suppose 0 = -6*r - 15*r + 32907. List the prime factors of r.
1567
Suppose 5*y + 3*g - 602 = -182, 0 = -2*y + 2*g + 152. Suppose -5*j - 280 = -5*u, -5*u + 3*j + 203 + y = 0. List the prime factors of u.
2, 29
Suppose 2*b + 3*m = -2, 6*b - b - m = 12. Suppose 3*k + b*j = 14, -2*k + 3*j = -0*j + 8. Let r = k - -3. What are the prime factors of r?
5
Let n = 11 + 4. Let u = n - 11. Suppose -5*j + 2 = 3*h, h - u*h - 4*j + 4 = 0. List the prime factors of h.
2
Let z be (2/4*0)/(-6 + 4). Suppose 9*c + 349 - 1960 = z. What are the prime factors of c?
179
Let g(v) = 58*v - 189. What are the prime factors of g(16)?
739
Let x(u) be the first derivative of -u**4/4 - 5*u**3/3 + 5*u**2/2 + 4*u - 11. Let m be x(-6). Suppose m*r - 474 = 4*r. List the prime factors of r.
79
What are the prime factors of 1*15/35 + 6374/7?
911
Let w(y) = 71*y + 1. Let s be w(1). Let n be (0 - 0/(-2)) + s. Let o = n + -47. What are the prime factors of o?
5
Let t = 190 - -107. List the prime factors of t.
3, 11
Let y(d) = 2*d**3 + 34*d**2 - 3*d - 38. List the prime factors of y(-17).
13
Let k be 3/(-1*4/28). Let q be 7/k + (-3)/(-9). Suppose 2*x = -q*x + 22. List the prime factors of x.
11
Suppose 3614 = 7*h - 89. List the prime factors of h.
23
Suppose 0 = c - 2*c - 41. Let l = c - -62. Let x = l - 5. What are the prime factors of x?
2
Let t be (-3 + 2 - -2) + 2. Let n(j) = j**2 - 2*j + 1. Let w be n(t). Suppose -5*u = f - 55, w*f = -4*u - 0*f + 44. List the prime factors of u.
11
Let v = 58 + -58. Suppose v = -s + 4*b + 202, b = -2*s + 2*b + 418. What are the pr